 = -2*s**3 - 3*s**2 - 4*s + 5. What is the remainder when z(-4) is divided by 26?
23
Suppose 5*c - 50 = 10. Calculate the remainder when 47 is divided by c.
11
Let d = -17 - -28. Suppose 4*l + 5 = -7, -5*l - 83 = 4*b. Let y = 4 - b. What is the remainder when y is divided by d?
10
Suppose 0 = -4*s + 4*l + 60, 4*s + l - 116 + 46 = 0. What is the remainder when 83 is divided by s?
15
Let f = 119 + -66. Calculate the remainder when f is divided by 18 - ((-1)/(-5) + 19/5).
11
Suppose -3*z + 40 + 14 = 0. Let b = 2 + 33. What is the remainder when b is divided by z?
17
Let c = 78 + -54. What is the remainder when 68 is divided by c?
20
Let b be (7 - 4)/((-1)/(-4)). Suppose 0 = -k - k + b. What is the remainder when 9 is divided by k?
3
Let n(z) = z**3 + z - 1. Suppose 0*a + 2 = a. Suppose -2*m + 170 = 8*m. What is the remainder when m is divided by n(a)?
8
Suppose -1 = -d + 7. Calculate the remainder when 34 is divided by (d/(-4) - -3) + 11.
10
Suppose 0*v - 18 = -v. Suppose 2*t + 3*x = 6, -28 = -4*x - 12. Let w(z) = -3*z**3 - 2*z**2 - 2*z. Calculate the remainder when w(t) is divided by v.
15
Let k(h) = -2*h**2 - 2*h - 4 + h**2 + h. Let v(y) = y**2 + 5. Let a(w) = -3*k(w) - 2*v(w). What is the remainder when 10 is divided by a(-4)?
4
Let d(p) = p - 1. Let t(h) = 6*h - 6. Let s(o) = 11*d(o) - 2*t(o). Let n = 3 - -3. What is the remainder when n is divided by s(-3)?
2
Let k(h) = -h + 3. Let q(i) = -i**2 + 4*i + 3. Let p be q(-2). Calculate the remainder when 33 is divided by k(p).
9
Suppose -2*g + 3*g = 4*t - 346, -2*t + 2*g = -176. Let p = -51 + t. What is the remainder when p is divided by 12?
11
Suppose 5 = -4*u + 21. Let p(w) = -w**3 + 4*w**2. Let d be p(u). Suppose d = -4*g + 16 + 40. Calculate the remainder when g is divided by 8.
6
What is the remainder when (-4)/(-2) + -3 + 13 is divided by 2/5 + (-46)/(-10)?
2
Let a be -1*(-1 + -1) + 11. Let l = 24 - a. Calculate the remainder when l is divided by 4.
3
Suppose 96 = 3*q - 2*l - 30, -5*q + 232 = 4*l. What is the remainder when 49 is divided by ((-429)/q)/(6/(-16))?
23
Let j = 203 + -161. Calculate the remainder when j is divided by 23.
19
Let l = 10 - -1. Calculate the remainder when 20 is divided by l.
9
Let s(w) = 5*w**2 - w + 1. Let b be s(1). Let o = b + -2. Suppose -145 = -5*a - 5*q, 87 = -0*a + o*a + 2*q. Calculate the remainder when a is divided by 10.
9
Let y(w) = w**2 - 5*w + 3. Let l be y(5). Suppose -l*t - 23 = 37. Let i = -12 - t. What is the remainder when 23 is divided by i?
7
Suppose 3*q - 34 = q. Suppose 0*m + m - 43 = -4*n, 5*m - 5 = n. Calculate the remainder when 98/2 - n/(-10) is divided by q.
16
Calculate the remainder when (-9)/12 - 56/(-32) is divided by 1.
0
Suppose -1 + 5 = 2*m. What is the remainder when m/3*117/6 is divided by 5?
3
Let f(d) = -d**2 - 12*d + 16. Calculate the remainder when f(-13) is divided by 2.
1
Let j = 63 + -58. Calculate the remainder when 17 is divided by j.
2
Let c be -2 + (-1 - 4/(-2)). Let z = c + 19. What is the remainder when 17 is divided by 120/z + 2/(-3)?
5
Let j be (2*1)/((-8)/(-124)). Suppose -2*f + 31 = -j. What is the remainder when f is divided by 11?
9
Suppose 3*j - 102 = j. What is the remainder when j is divided by 13?
12
Let y(g) = g + g**3 - 2*g - 4 - g + 5*g**2. Let j(a) = 2*a**2 + 4*a + 1. Calculate the remainder when j(-4) is divided by y(-5).
5
Let p(s) = -s**3 - 5*s**2 + 6*s + 3. Let x be p(-6). Suppose 5*y - 111 - 49 = x*z, 0 = -y - 4*z + 9. What is the remainder when y is divided by 10?
9
Suppose -100 = 4*f - w, -4*f = f - 4*w + 125. Let i = f + 42. What is the remainder when i is divided by 7?
3
Let w(h) = h**3 + 10*h**2 - h - 4. Let p be w(-10). Let m be 6 + p*3/(-6). What is the remainder when (18*3)/2 + m is divided by 16?
14
Suppose -37 = -5*c + 118. What is the remainder when c is divided by 8?
7
Suppose 3*z - 138 = -z + g, -2*g - 4 = 0. Calculate the remainder when z is divided by 18.
16
Suppose -5*f = -0*f - 195. What is the remainder when f is divided by 14?
11
Suppose 4*i - 15 = -3. What is the remainder when i is divided by 1?
0
Suppose 8*z = -2*o + 3*z + 81, -o - 3*z = -42. Let m(j) = -15*j - 5. Let x be m(-6). Suppose -x = 4*h - 9*h. What is the remainder when o is divided by h?
16
Let h(y) = 0 + 3*y**2 + 0 + 0 - 1 + 6*y - y**3. What is the remainder when h(4) is divided by 4?
3
Let w = -73 - -86. What is the remainder when w is divided by 5?
3
Let p be ((-2)/4)/((-2)/32). Suppose p*j + 4*q = 3*j + 323, 0 = 2*j - q - 124. What is the remainder when j is divided by 16?
15
Let h(u) = -3*u**2 + u + 4. What is the remainder when 2/(((-6)/(-21))/1) is divided by h(0)?
3
Calculate the remainder when 30 is divided by (-3)/(6/22*(8 - 9)).
8
Suppose 32 = 5*v - 4*u, 3*v + 4*u - 8 = -2*v. Let i = 19 + -9. Suppose -v*j + i = -54. Calculate the remainder when j is divided by 6.
4
Suppose 0 = -4*c + l + 8, 2*c + 3*l = 7*c - 10. Let b(a) = 5*a**3 + a**2 - a + 2. What is the remainder when b(c) is divided by 23?
21
Suppose -2*j + 4*p = -26, 4*p + 7 = -9. Suppose 0*b = -2*o + b + 30, 0 = -2*o - 4*b + 10. What is the remainder when o is divided by j?
3
Suppose -4 = -2*n + i - 2, 2*n - 4*i = 8. Calculate the remainder when 10 is divided by (n + 16/12)*3.
2
Let u be 3/(((-15)/(-44))/5). Calculate the remainder when (-1 - 0)/((-2)/u) is divided by 8.
6
Let q(j) = j**3 + 2*j**2 - 3*j + 4. Suppose 2*h - 22 = -0*h. Calculate the remainder when h is divided by q(-3).
3
Let p(f) = -2*f - 8. Let o be 111/(-12) + (-2)/(-8). Let h = -17 - o. What is the remainder when 22 is divided by p(h)?
6
Suppose 0 = z - 0*z - 3. What is the remainder when 3 is divided by z?
0
Let t(u) = -u**2 - 21*u + 21. What is the remainder when 80 is divided by t(-20)?
39
Let g(p) = p**2 - 3*p - 1. Let t be g(4). What is the remainder when (7 - (t - 4)) + -3 is divided by 2?
1
Let t = 169 + -121. Calculate the remainder when t is divided by 17.
14
Suppose -m = 4*f + f - 34, 0 = -3*f - 15. What is the remainder when m is divided by 15?
14
What is the remainder when ((-23)/2 + 2)*-2 is divided by 189/35 - (-2)/(-5)?
4
Let t = -11 + 12. Let q = 23 - t. Calculate the remainder when 65 is divided by q.
21
Suppose 11 = -4*t + 5*u + 1, -2*t - 3*u = -6. Suppose -2*h + 14 = s, 5*h - 17 + 2 = t. Calculate the remainder when 22 is divided by s.
6
Let f be (6/(-5) - -2)*20. What is the remainder when (49/3)/((-2)/(-6)) is divided by (-68)/(-6)*24/f?
15
Suppose 3*g - 6 = g - 2*o, 0 = -4*g + 4*o + 20. Suppose 5*l + 3*d = -0*d + 260, -5*l - g*d = -255. What is the remainder when l is divided by 28?
27
Let r(n) = -n**3 + 5*n**2 + 6*n - 5. Let q be r(5). Let y = q + -17. What is the remainder when y/20 - (-253)/5 is divided by 18?
15
Let w be ((-2)/3)/(5/30). Let x be (-4)/10*(w + -16). Let o = 15 - x. Calculate the remainder when 18 is divided by o.
4
Suppose 9*f = -0*f + 315. What is the remainder when f is divided by 18?
17
Let c be (0 + 0)/(6 + -3). What is the remainder when 5 + c + 2 - 1 is divided by 4?
2
Suppose -4*f - 2*w + 710 = 0, 5*f - 10*w - 850 = -5*w. Calculate the remainder when f is divided by 8.
7
Suppose 0 = -x + 2, -4*t + 2*x = -t - 5. Suppose -t*w + 14 = -w. Suppose 0 = -f - 3*f + 48. Calculate the remainder when f is divided by w.
5
Let h(x) = 28*x - 3. Let i = -106 - -120. Calculate the remainder when h(2) is divided by i.
11
Suppose 19*s - 16*s - 18 = 0. Let i(o) = -o**2 - 4*o - 1. Let t be i(-2). What is the remainder when 2/t*15/1 is divided by s?
4
Suppose 5*d - 75 = 100. What is the remainder when 14/d - (-73)/5 is divided by 1/(-3) - (-25)/3?
7
Suppose 5*q + 2*s = -0*s + 125, -4*q + 100 = 4*s. Let r(p) = -p**2 - 15*p. Let u be r(-15). Suppose u*y + y = 13. What is the remainder when q is divided by y?
12
Let m(s) be the first derivative of 2*s**3/3 + 2*s + 1. Let l = -50 - -68. What is the remainder when l is divided by m(-2)?
8
Suppose -5*h + 94 = -3*z, z - 82 = -5*h + h. Let g be (-15)/2*4/(-5). Suppose 2*u - g = 8. What is the remainder when h is divided by u?
6
Suppose -4 = -4*h + 12. Suppose -1 = z - h. Suppose 0 = -6*p + p + 5*d + 75, -2*p = z*d - 5. What is the remainder when 19 is divided by p?
9
Calculate the remainder when 249/(-4)*(-52)/39 is divided by 42.
41
Let q be (-3)/5 - 129/(-15). Let j(m) = m**3 - 8*m**2 - 2*m + 4. Let s be